{"id":12,"date":"2019-07-05T15:17:19","date_gmt":"2019-07-05T13:17:19","guid":{"rendered":"http:\/\/eloise-chaussin.com\/?page_id=12"},"modified":"2026-02-27T06:33:42","modified_gmt":"2026-02-27T05:33:42","slug":"qui-suis-je","status":"publish","type":"page","link":"https:\/\/eloise-chaussin.com\/?page_id=12","title":{"rendered":"Qui suis-je ?"},"content":{"rendered":"\n<ul class=\"wp-block-list\">\n<li><a href=\"https:\/\/www.youtube.com\/channel\/UCUZkmQQae6uWb4ARoDL7Ypw\">You tube:https:\/\/www.youtube.com\/channel\/UCUZkmQQae6uWb4ARoDL7Ypw<\/a><\/li>\n\n\n\n<li>Facebook: Elo\u00efse Chaussin healing energy alpha<\/li>\n\n\n\n<li>Instagram: eloeyes<\/li>\n<\/ul>\n\n\n<div class=\"wp-block-image is-style-rounded\">\n<figure class=\"aligncenter size-full\"><img loading=\"lazy\" decoding=\"async\" width=\"1707\" height=\"2560\" src=\"http:\/\/eloise-chaussin.com\/wp-content\/uploads\/2026\/02\/Foto-217-scaled.jpg\" alt=\"\" class=\"wp-image-1014\" srcset=\"https:\/\/eloise-chaussin.com\/wp-content\/uploads\/2026\/02\/Foto-217-scaled.jpg 1707w, https:\/\/eloise-chaussin.com\/wp-content\/uploads\/2026\/02\/Foto-217-200x300.jpg 200w, https:\/\/eloise-chaussin.com\/wp-content\/uploads\/2026\/02\/Foto-217-683x1024.jpg 683w, https:\/\/eloise-chaussin.com\/wp-content\/uploads\/2026\/02\/Foto-217-768x1152.jpg 768w, https:\/\/eloise-chaussin.com\/wp-content\/uploads\/2026\/02\/Foto-217-1024x1536.jpg 1024w, https:\/\/eloise-chaussin.com\/wp-content\/uploads\/2026\/02\/Foto-217-1365x2048.jpg 1365w, https:\/\/eloise-chaussin.com\/wp-content\/uploads\/2026\/02\/Foto-217-1320x1980.jpg 1320w\" sizes=\"auto, (max-width: 767px) 89vw, (max-width: 1000px) 54vw, (max-width: 1071px) 543px, 580px\" \/><\/figure>\n<\/div>\n\n\n<p>Je suis Elo\u00efse ! Welcome!<\/p>\n\n\n\n<p>Kalimera, ayant grandi en Crete, \u00eele de Zeus, je suis habitu\u00e9e aux multiples cultures et de parler diff\u00e9rentes langues. <\/p>\n\n\n\n<p>A partir de mes 18 ans, en m\u00eame temps que mes \u00e9tudes de droit \u00e0 la facult\u00e9 de Nantes, je suis form\u00e9 en magn\u00e9tisme par Norbert , jusqu&rsquo;\u00e0 sa mort en 2016, un p\u00e8re spirituel. <\/p>\n\n\n\n<p>Je continue mes \u00e9tudes par le CNED et j&rsquo;opte pour un BTS tourisme qui me permet de travailler en agence de voyage. Je continue les saisons en Crete.<\/p>\n\n\n\n<p>Apr\u00e8s quelques ann\u00e9es en Australie en PVT, je reviens en France et travaille dans l&rsquo;assistance m\u00e9dicale \u00e0 Paris, tout en \u00e9tudiant l&rsquo;hypnose \u00e0 l ECH. <\/p>\n\n\n\n<p>A partir de mes 30 ans, je m&rsquo;installe \u00e0 Nantes, retour aux sources pour des consultations d&rsquo;hypnose magn\u00e9tique, stage de communication animale&#8230;<\/p>\n\n\n\n<p>  Depuis enfant, je communique avec les animaux, je lib\u00e8re la conscience de l\u2019animal gr\u00e2ce \u00e0 la <strong>communication animale<\/strong>.<\/p>\n\n\n\n<p>\nEn\n2018-2019 je suis une formation pour \u00eatre enseignante de <strong>Kundalini\nYoga<\/strong>\n\u00e0 Ch\u00e2teau Anand avec Guru Jagat. <strong>Dipl\u00f4me\nreconnu KRI.<\/strong><\/p>\n\n\n\n<p>Depuis plus de 15 ans, je voyage \u00e0 Bali, au Vietnam, je vous propose de partager mon r\u00e9seau avec vous . <strong>Je suis travel planner \u00e9nerg\u00e9tique<\/strong>. Allez voir onglet travel planner !<\/p>\n\n\n\n<p>Je vis en Vend\u00e9e Sud, depuis le covid, mes s\u00e9ances se passe en visio. Par what s app ou facebook messenger, de plus \u00e9tant de temps en temps en Asie pour mon travail d&rsquo;import export , je vous permet de recevoir des \u00e9nergies magiques d&rsquo;ailleurs.<\/p>\n\n\n\n<figure class=\"wp-block-image size-full is-resized\"><img loading=\"lazy\" decoding=\"async\" width=\"2560\" height=\"1707\" src=\"http:\/\/eloise-chaussin.com\/wp-content\/uploads\/2026\/02\/Foto-138-scaled.jpg\" alt=\"\" class=\"wp-image-1016\" style=\"aspect-ratio:1.3371212121212122;width:674px;height:auto\" srcset=\"https:\/\/eloise-chaussin.com\/wp-content\/uploads\/2026\/02\/Foto-138-scaled.jpg 2560w, https:\/\/eloise-chaussin.com\/wp-content\/uploads\/2026\/02\/Foto-138-300x200.jpg 300w, https:\/\/eloise-chaussin.com\/wp-content\/uploads\/2026\/02\/Foto-138-1024x683.jpg 1024w, https:\/\/eloise-chaussin.com\/wp-content\/uploads\/2026\/02\/Foto-138-768x512.jpg 768w, https:\/\/eloise-chaussin.com\/wp-content\/uploads\/2026\/02\/Foto-138-1536x1024.jpg 1536w, https:\/\/eloise-chaussin.com\/wp-content\/uploads\/2026\/02\/Foto-138-2048x1365.jpg 2048w, https:\/\/eloise-chaussin.com\/wp-content\/uploads\/2026\/02\/Foto-138-1320x880.jpg 1320w\" sizes=\"auto, (max-width: 767px) 89vw, (max-width: 1000px) 54vw, (max-width: 1071px) 543px, 580px\" \/><\/figure>\n\n\n\n<pre class=\"wp-block-code\"><code><\/code><\/pre>\n\n\n\n<figure class=\"wp-block-image size-large\"><img loading=\"lazy\" decoding=\"async\" width=\"724\" height=\"1024\" src=\"https:\/\/eloise-chaussin.com\/wp-content\/uploads\/2026\/02\/cheval-feu-724x1024.png\" alt=\"\" class=\"wp-image-1017\" srcset=\"https:\/\/eloise-chaussin.com\/wp-content\/uploads\/2026\/02\/cheval-feu-724x1024.png 724w, https:\/\/eloise-chaussin.com\/wp-content\/uploads\/2026\/02\/cheval-feu-212x300.png 212w, https:\/\/eloise-chaussin.com\/wp-content\/uploads\/2026\/02\/cheval-feu-768x1086.png 768w, https:\/\/eloise-chaussin.com\/wp-content\/uploads\/2026\/02\/cheval-feu-1086x1536.png 1086w, https:\/\/eloise-chaussin.com\/wp-content\/uploads\/2026\/02\/cheval-feu-1448x2048.png 1448w, https:\/\/eloise-chaussin.com\/wp-content\/uploads\/2026\/02\/cheval-feu-1320x1867.png 1320w, https:\/\/eloise-chaussin.com\/wp-content\/uploads\/2026\/02\/cheval-feu.png 1587w\" sizes=\"auto, (max-width: 724px) 100vw, 724px\" \/><\/figure>\n\n\n\n<p><\/p>\n","protected":false},"excerpt":{"rendered":"<p>Je suis Elo\u00efse ! Welcome! Kalimera, ayant grandi en Crete, \u00eele de Zeus, je suis habitu\u00e9e aux multiples cultures et de parler diff\u00e9rentes langues. A partir de mes 18 ans, en m\u00eame temps que mes \u00e9tudes de droit \u00e0 la facult\u00e9 de Nantes, je suis form\u00e9 en magn\u00e9tisme par Norbert , jusqu&rsquo;\u00e0 sa mort en &hellip; <\/p>\n<p class=\"link-more\"><a href=\"https:\/\/eloise-chaussin.com\/?page_id=12\" class=\"more-link\">Continuer la lecture<span class=\"screen-reader-text\"> de &laquo;&nbsp;Qui suis-je ?&nbsp;&raquo;<\/span><\/a><\/p>\n","protected":false},"author":1,"featured_media":0,"parent":0,"menu_order":0,"comment_status":"closed","ping_status":"closed","template":"","meta":{"footnotes":""},"class_list":["post-12","page","type-page","status-publish","hentry"],"_links":{"self":[{"href":"https:\/\/eloise-chaussin.com\/index.php?rest_route=\/wp\/v2\/pages\/12","targetHints":{"allow":["GET"]}}],"collection":[{"href":"https:\/\/eloise-chaussin.com\/index.php?rest_route=\/wp\/v2\/pages"}],"about":[{"href":"https:\/\/eloise-chaussin.com\/index.php?rest_route=\/wp\/v2\/types\/page"}],"author":[{"embeddable":true,"href":"https:\/\/eloise-chaussin.com\/index.php?rest_route=\/wp\/v2\/users\/1"}],"replies":[{"embeddable":true,"href":"https:\/\/eloise-chaussin.com\/index.php?rest_route=%2Fwp%2Fv2%2Fcomments&post=12"}],"version-history":[{"count":24,"href":"https:\/\/eloise-chaussin.com\/index.php?rest_route=\/wp\/v2\/pages\/12\/revisions"}],"predecessor-version":[{"id":1015,"href":"https:\/\/eloise-chaussin.com\/index.php?rest_route=\/wp\/v2\/pages\/12\/revisions\/1015"}],"wp:attachment":[{"href":"https:\/\/eloise-chaussin.com\/index.php?rest_route=%2Fwp%2Fv2%2Fmedia&parent=12"}],"curies":[{"name":"wp","href":"https:\/\/api.w.org\/{rel}","templated":true}]}}